4*q - 486 = -3*p, -4*p + 3*q - q + 638 = 0. Suppose -p = 5*h - 33. Let v = h - -89. List the prime factors of v.
2
Suppose o = -118 - 103. Let h = o + 497. What are the prime factors of h?
2, 3, 23
Suppose 51977 = 21*j - 306515 - 125012. What are the prime factors of j?
2, 1439
Let b(m) = -m**2 + 21*m - 2. Let f(d) = -d**2 - 4*d. Let g be f(-3). Suppose -n = 3*w - 2*w, -g*w - 25 = -2*n. What are the prime factors of b(n)?
2, 3, 13
Suppose 2*o - j - 280 = 0, o - 5*j + 2*j - 140 = 0. Let g = 222 - 218. Suppose 5*q - 200 - o = -g*f, -5*q - f = -355. List the prime factors of q.
2, 3
Suppose -h = 3*l - 4, -8*l - 5 = -13*l. Suppose -h = 3*y - 4, -5*y + 4511 = 3*r. What are the prime factors of r?
2, 751
List the prime factors of (4 - 68)/((-15)/3255).
2, 7, 31
Suppose -13*y = -5*c - 11*y + 27286, -10924 = -2*c - 4*y. What are the prime factors of c?
2, 2729
Suppose -3*u + 0*u = 24. What are the prime factors of 25/3 + u + 586/6?
2, 7
Let v(q) = 51*q - 141. Let k be v(7). Suppose -k = -p + l, 3*p - 668 = -0*l - l. What are the prime factors of p?
13, 17
Let q(z) be the first derivative of -6*z**2 - 30*z - 11. Let t be q(-6). Suppose -3*s + t = 4*x, 5*s + 2*x - 5*x - 41 = 0. What are the prime factors of s?
2, 5
Let c = 366 - 344. List the prime factors of 1265/c + (1/(-2) - 0).
3, 19
Let m be ((-2)/1)/(-2 + 60/27). Let q(w) = w**2 + 3*w - 12. Let f be q(m). Let u = f + 24. List the prime factors of u.
2, 3, 11
Suppose d = -3*g + 9, g - 23 = 3*d - 10. Suppose -15*p = -10*p - g*i - 4550, 3*p - 3*i = 2733. List the prime factors of p.
2, 3, 151
Suppose 0 = 13*r - 12*r + 1. List the prime factors of (55*-2)/(-1) + (0 - r).
3, 37
What are the prime factors of (-3)/(0 + 1 - 1144020/163425 - -6)?
5, 2179
Suppose -4*m + 17*g - 18*g + 4354 = 0, 2*m = -2*g + 2186. What are the prime factors of m?
1087
Let m be (-3553)/(-143) - 2/(-13). Let p = m - -35. Suppose -132*r + 131*r = -p. What are the prime factors of r?
2, 3, 5
Let q = 98 - 98. Suppose 2*r + q*r = 5*f - 1766, 6 = 3*r. List the prime factors of f.
2, 3, 59
Let u = 154 + -149. Suppose -u*r + 2*r + 3*a + 1077 = 0, -5*a - 351 = -r. List the prime factors of r.
19
Suppose 3*g = -2*f - f + 12267, -3*g - 4*f = -12266. List the prime factors of g.
2, 5, 409
Let z = 24714 + -12881. List the prime factors of z.
11833
Let n = 2603 + -3750. Let p = 1652 + n. What are the prime factors of p?
5, 101
Suppose 10*q = c + 11*q - 507, -3*c + 3*q + 1503 = 0. Let b = c - 255. List the prime factors of b.
3, 83
Let r(k) = 2*k + 28. Let w be r(-18). List the prime factors of (-10)/(-20) + (-8484)/w.
1061
Let g(k) = 9*k - 18. Suppose -407 + 90 = 4*u - 5*n, 4*n + 261 = -3*u. Let x = -78 - u. List the prime factors of g(x).
3
Suppose g + 13 = -a + 4*g, -a - 3*g + 5 = 0. Let k be (a + 1)*-1 + (-6)/(-2). List the prime factors of 0/(2/(-4)*k) + 93.
3, 31
Let v(f) = -739*f**3 + 14*f**2 - 26*f - 89. List the prime factors of v(-3).
2, 29, 173
Suppose 2*q - 204 = -50. Let m be (-12 - -7) + (-57)/(-1). Suppose -84 = -3*b - 4*f + q, 0 = -b - 3*f + m. What are the prime factors of b?
5, 11
Suppose -5*s = p - 200467, -4*s + 83931 + 76451 = -2*p. What are the prime factors of s?
2, 20047
Suppose 5*c = -4*w + 12894, 13 = 4*w + 9. Suppose -5*a + 4827 = -c. What are the prime factors of a?
1481
Suppose -15 = -3*w, -8*m - 4*w = -4*m - 20. Suppose m = -b - 4*j + 139, -3*b + 6*j + 337 = 2*j. Let n = -108 + b. List the prime factors of n.
11
Let g = 139 - 376. Let b = g + 705. Suppose 18 = -5*y + b. What are the prime factors of y?
2, 3, 5
Suppose 0 = 10*d - 6*d - 188. Suppose d*n - 8 = 46*n. Suppose -26*y - n = -27*y. List the prime factors of y.
2
Let d be 3 - ((-6768)/80 + (-3)/(-5)). Let b = 164 - 90. Let c = d - b. List the prime factors of c.
13
Let v = 498 + -982. Let j = -261 - v. What are the prime factors of j?
223
Suppose -5*z + 4*m = -0*z + 33, 0 = 4*z - m + 33. List the prime factors of 7/(z/3240*-4).
2, 3, 5, 7
Suppose 260110 + 805403 = 107*h - 1572358. List the prime factors of h.
89, 277
Let d(k) = -27*k**2 + 17*k - 5. Let l(o) = -26*o**2 + 17*o - 6. Let s(h) = -4*d(h) + 3*l(h). What are the prime factors of s(3)?
13, 17
Let s(p) = 12*p + 163. Let r be s(-14). List the prime factors of 248 + (11 + r)/(-3).
2, 3, 41
Let r(a) = 721*a + 810. What are the prime factors of r(13)?
17, 599
Suppose 3*f + 13 = 2*r, -4*f + 3*r = -3*f + 16. List the prime factors of -25*f*48/30 - 2.
2, 19
Suppose y - 2*p - 15988 = 0, 0 = -3*y + p + 53747 - 5803. List the prime factors of y.
2, 5, 17, 47
Suppose -94880 = -136*x + 141*x. List the prime factors of (52/130 - x/10)/2.
13, 73
Suppose -4*f - 30 = -2*j, 3 = -8*f + 10*f + 5*j. Let i(l) = -l**3 - 11*l**2 - 3*l - 11. Let s be i(-11). What are the prime factors of (s/f + 1)*(-465)/10?
2, 31
Let r(i) = i**2 - 3*i - 16. Let a be r(5). Let x be ((-24)/(-10))/(a/(-15)). What are the prime factors of ((8/4)/x)/((-3)/(-414))?
2, 23
Suppose 2*u - 2*i - 424 = -0*u, 5*u - 1056 = 4*i. Suppose 3*k - u = -2*j, 2*k - 6*j - 144 = -2*j. Let h = k + -32. List the prime factors of h.
2, 19
Let i = -20601 + 29843. List the prime factors of i.
2, 4621
Suppose -9 + 86 = 11*b. List the prime factors of -8*(-5)/10 - -57*b.
13, 31
Let x(h) = h**3 - 15*h**2 - 6*h - 6. Let t be x(11). Let k be 2 - t/(-6)*-3. Suppose k = -51*q + 56*q. List the prime factors of q.
2, 7
Let o(l) = -l**2 - 6*l + 5. Let u be o(-6). Let f(a) = -15 - u*a + 8*a + 7*a + 8*a. What are the prime factors of f(6)?
3, 31
Suppose 114*d + 43942 - 173560 = 0. What are the prime factors of d?
3, 379
Suppose -37*h = 10*h - 4*h - 633906. List the prime factors of h.
2, 3, 7, 13
List the prime factors of (-816976)/(-18) + 2 - (-280)/630.
2, 3, 5, 17, 89
Suppose 5*x - 728 - 1147 = 0. Suppose g - 93 - x = 0. What are the prime factors of g?
2, 3, 13
Let d(y) = 24*y**2 + y - 2. Let s = 28 + -21. Suppose -3*x - 4*x = -s. List the prime factors of d(x).
23
Let t(d) = d + 24. Let y be t(4). Suppose 4*v + y = 18*v. Let g(m) = 7*m**3 - 3*m**2 + 2*m. List the prime factors of g(v).
2, 3
Let t(k) be the third derivative of -k**6/120 + 11*k**5/20 - 41*k**4/12 + 19*k**3/3 - 16*k**2 + 8. List the prime factors of t(28).
2, 3, 277
Suppose 3*w = -g + 8888, 14*g - 17*g = -6. What are the prime factors of w?
2, 1481
Let a = 6197 - 4728. List the prime factors of a.
13, 113
Suppose -3*h = -5*l + 229589, -3*h + 183655 = 91*l - 87*l. List the prime factors of l.
2, 13, 883
Let w(c) = c**3 - 14*c**2 - 23*c - 38. Let z = 261 - 244. What are the prime factors of w(z)?
2, 3, 73
Suppose -27*h + 63 = -6*h. Suppose -2*c - h*c + 5050 = 4*x, 0 = -4*c + 3*x + 4071. List the prime factors of c.
2, 3, 13
Suppose -206971 = -45*p + 116805 + 75149. List the prime factors of p.
3, 5, 197
Suppose 4*i - 2*m = 9*i + 10, 0 = -3*i + m - 17. Let n(r) be the first derivative of -r**3/3 - 9*r**2/2 - 4*r - 38. What are the prime factors of n(i)?
2
Suppose -3*g - 35215 = -r, 4*g = 2*r - 35857 - 34557. List the prime factors of r.
13, 2707
Suppose -8*s = -13*s - q + 114520, 3*s - 2*q = 68712. What are the prime factors of s?
2, 7, 409
Suppose -618654 = 19*p - 88*p. What are the prime factors of p?
2, 4483
Let u(a) = -a**3 - 13*a**2 - 19*a - 20. Let d be u(-9). Let w = d - -262. Suppose -y + 142 = g - w, -2*y + 465 = 3*g. List the prime factors of y.
2, 3, 19
Let j = 15768 + -5606. What are the prime factors of j?
2, 5081
What are the prime factors of (120/32)/(-15) - (-23197)/4?
3, 1933
Let l(x) = -2*x**2 - 2*x. Let b be l(-2). Let t(z) = 3*z + 7*z**2 + 3 - 2 + z**2 - 4*z**2. List the prime factors of t(b).
53
Let i be 6*(-7)/6*9/(-63). Let h be (i + 0)/(4/28). Let x(v) = 3*v**2 - v + 6. List the prime factors of x(h).
2, 73
Let o be (-8)/((-2)/(-88)*2). Let r be 5 + ((-148)/4 + 5)*-8. Let i = o + r. What are the prime factors of i?
5, 17
Let n = -7280 + 7282. Let w = 444 + -193. Suppose 102 = u + 3*d, -n*d = 2*u - 5*u + w. What are the prime factors of u?
3, 29
What are the prime factors of (1558 + -1)/((-100)/15 - -7)?
3, 173
Let z(m) = 0 - m**3 + 5 + 16*m**2 - m**2 - 1. Let j be z(15). Suppose 4*g = -3*y + 4, -j*y - 28 = -2*g - g. What are the prime factors of g?
2
Let n = -4165 + 13103. What are the prime factors of n?
2, 41, 109
Let m = 11379 + 35533. List the prime factors of m.
2, 733
Suppose 2